{"id":51,"date":"2019-10-31T09:51:11","date_gmt":"2019-10-31T09:51:11","guid":{"rendered":"https:\/\/www.demo.cosmoswp.com\/demo-3\/?page_id=208"},"modified":"2026-05-10T18:39:59","modified_gmt":"2026-05-10T16:39:59","slug":"services","status":"publish","type":"page","link":"https:\/\/grafix-dezign.de\/web\/services\/","title":{"rendered":"Service"},"content":{"rendered":"\n<section id=\"g-4b5s4jb\" class=\"wp-block-gutentor-m4 section-g-4b5s4jb gutentor-module gutentor-advanced-columns has-image-bg has-custom-bg\"><div class=\"grid-container\"><div class=\"grid-row\">\n<div id=\"col-g-m1821e8\" class=\"wp-block-gutentor-m4-col col-g-m1821e8 gutentor-single-column  grid-lg-6 grid-md-12 grid-12\"><div id=\"section-g-m1821e8\" class=\"section-g-m1821e8 gutentor-col-wrap\">\n<div id=\"section-g-rnigg66\" class=\"wp-block-gutentor-e1 section-g-rnigg66 gutentor-element gutentor-element-advanced-text\"><div class=\"gutentor-text-wrap\"><p class=\"gutentor-text\">Leistungen<\/p><\/div><\/div>\n\n\n\n<div id=\"section-g-914os4b\" class=\"wp-block-gutentor-e1 section-g-914os4b gutentor-element gutentor-element-advanced-text\"><div class=\"gutentor-text-wrap\"><p class=\"gutentor-text\">Planung &amp; Konzept<\/p><\/div><\/div>\n\n\n\n<div id=\"section-g-g1t6xfi\" class=\"wp-block-gutentor-e1 section-g-g1t6xfi gutentor-element gutentor-element-advanced-text\"><div class=\"gutentor-text-wrap\"><p class=\"gutentor-text\">Durchdachtes Design, klare Strukturen und saubere Technik &#8211; f\u00fcr alle Endger\u00e4te. Flexibel, erweiterbar und leicht selbst zu pflegen.<\/p><\/div><\/div>\n\n\n\n<div id=\"g-egkgykl\" class=\"wp-block-gutentor-m1 section-g-egkgykl gutentor-module gutentor-element-button-group button-align-left-desktop g-btn-horizontal-d g-btn-horizontal-t g-btn-horizontal-m\"><div class=\"gutentor-element-button-group-wrap\">\n<div id=\"section-g-wmtdgwy\" class=\"wp-block-gutentor-e2 section-g-wmtdgwy gutentor-element gutentor-element-button\"><span class=\"gutentor-button-wrap\"><a class=\"gutentor-button gutentor-block-button gutentor-icon-after\" href=\"https:\/\/grafix-dezign.de\/web\/projekt-anfragen\/\"><i class=\"gutentor-button-icon fas fa-arrow-right\"><\/i><span>Projekt anfragen<\/span><\/a><\/span><\/div>\n<\/div><\/div>\n<\/div><\/div>\n\n\n\n<div id=\"col-g-q02f110\" class=\"wp-block-gutentor-m4-col col-g-q02f110 gutentor-single-column  grid-lg-6 grid-md-12 grid-12\"><div id=\"section-g-q02f110\" class=\"section-g-q02f110 gutentor-col-wrap\"><\/div><\/div>\n<\/div><\/div><\/section>\n\n\n\n<section id=\"g-wq1ddm4\" class=\"wp-block-gutentor-m4 section-g-wq1ddm4 gutentor-module gutentor-advanced-columns has-gutentor-overlay\"><div class=\"grid-container\"><div class=\"grid-row\">\n<div id=\"col-g-sb2pb12\" class=\"wp-block-gutentor-m4-col col-g-sb2pb12 gutentor-single-column  grid-lg-12 grid-md-12 grid-12\"><div id=\"section-g-sb2pb12\" class=\"section-g-sb2pb12 gutentor-col-wrap\">\n<div id=\"section-g-u1tdxwr\" class=\"wp-block-gutentor-e1 section-g-u1tdxwr gutentor-element gutentor-element-advanced-text text-align-center-desktop\"><div class=\"gutentor-text-wrap\"><p class=\"gutentor-text\">MEIN SERVICE<\/p><\/div><\/div>\n\n\n\n<div id=\"section-g-rxwo11r\" class=\"wp-block-gutentor-e1 section-g-rxwo11r gutentor-element gutentor-element-advanced-text text-align-center-desktop\"><div class=\"gutentor-text-wrap\"><p class=\"gutentor-text\">Klar gestaltet. Sauber entwickelt.<\/p><\/div><\/div>\n\n\n\n<section id=\"section-g-mtkezf3\" class=\"wp-block-gutentor-icon-box gutentor-section gutentor-icon-wrapper icon-template1 has-color-bg has-custom-bg\"><div class=\"grid-container\"><div class=\"grid-row gutentor-grid-item-wrap\"><div class=\"gutentor-grid-column grid-lg-3 grid-md-4 grid-12\"><div class=\"gutentor-single-item gutentor-icon gutentor-single-item-0\"><div class=\"gutentor-single-item-wrap\"><div class=\"gutentor-single-item-icon-box\"><i class=\"fas fa-desktop\"><\/i><\/div><div class=\"gutentor-single-item-content\"><p class=\"gutentor-single-item-title\">Individuelles Webdesign<\/p><p class=\"gutentor-single-item-desc\">Ma\u00dfgeschneidert f\u00fcr Ihr Unternehmen und Ihre Ziele.<\/p><\/div><\/div><\/div><\/div><div class=\"gutentor-grid-column grid-lg-3 grid-md-4 grid-12\"><div class=\"gutentor-single-item gutentor-icon gutentor-single-item-1\"><div class=\"gutentor-single-item-wrap\"><div class=\"gutentor-single-item-icon-box\"><i class=\"fas fa-bolt\"><\/i><\/div><div class=\"gutentor-single-item-content\"><p class=\"gutentor-single-item-title\">Schnell &amp; zuverl\u00e4ssig<\/p><p class=\"gutentor-single-item-desc\">Klare Abl\u00e4ufe, feste Termine und transparente Kommunikation.<\/p><\/div><\/div><\/div><\/div><div class=\"gutentor-grid-column grid-lg-3 grid-md-4 grid-12\"><div class=\"gutentor-single-item gutentor-icon gutentor-single-item-2\"><div class=\"gutentor-single-item-wrap\"><div class=\"gutentor-single-item-icon-box\"><i class=\"fas fa-chalkboard-teacher\"><\/i><\/div><div class=\"gutentor-single-item-content\"><p class=\"gutentor-single-item-title\">Wartung &amp; Support<\/p><p class=\"gutentor-single-item-desc\">Sichere Updates, Backups und pers\u00f6nliche Betreuung.<\/p><\/div><\/div><\/div><\/div><div class=\"gutentor-grid-column grid-lg-3 grid-md-4 grid-12\"><div class=\"gutentor-single-item gutentor-icon gutentor-single-item-3\"><div class=\"gutentor-single-item-wrap\"><div class=\"gutentor-single-item-icon-box\"><i class=\"fas fa-magic\"><\/i><\/div><div class=\"gutentor-single-item-content\"><p class=\"gutentor-single-item-title\">Kostenloser Entwurf<\/p><p class=\"gutentor-single-item-desc\">Gerne erstelle ich Ihnen ein unverbindliches Layout<\/p><\/div><\/div><\/div><\/div><\/div><\/div><\/section>\n<\/div><\/div>\n<\/div><\/div><\/section>\n\n\n\n<section id=\"g-nyefy2s\" class=\"wp-block-gutentor-m4 section-g-nyefy2s gutentor-module gutentor-advanced-columns has-image-bg has-custom-bg\"><div class=\"grid-container\"><div class=\"grid-row\">\n<div id=\"col-g-rb81wy1\" class=\"wp-block-gutentor-m4-col col-g-rb81wy1 gutentor-single-column  grid-lg-6 grid-md-12 grid-12\"><div id=\"section-g-rb81wy1\" class=\"section-g-rb81wy1 gutentor-col-wrap\">\n<div id=\"section-g-yao21qm\" class=\"wp-block-gutentor-e1 section-g-yao21qm gutentor-element gutentor-element-advanced-text\"><div class=\"gutentor-text-wrap\"><p class=\"gutentor-text\">Bereit f\u00fcr Ihr Projekt?<\/p><\/div><\/div>\n\n\n\n<div id=\"section-g-vteftfe\" class=\"wp-block-gutentor-e1 section-g-vteftfe gutentor-element gutentor-element-advanced-text\"><div class=\"gutentor-text-wrap\"><p class=\"gutentor-text\">Lassen Sie uns gemeinsam Ihre neue Website planen und umsetzen!<\/p><\/div><\/div>\n<\/div><\/div>\n\n\n\n<div id=\"col-g-71mp11y\" class=\"wp-block-gutentor-m4-col col-g-71mp11y gutentor-single-column  grid-lg-6 grid-md-12 grid-12\"><div id=\"section-g-71mp11y\" class=\"section-g-71mp11y gutentor-col-wrap\">\n<div id=\"section-g-141bg9o\" class=\"wp-block-gutentor-e2 section-g-141bg9o gutentor-element gutentor-element-button\"><span class=\"gutentor-button-wrap\"><a class=\"gutentor-button gutentor-block-button gutentor-icon-before\" href=\"https:\/\/grafix-dezign.de\/web\/projekt-anfragen\/\"><i class=\"gutentor-button-icon fas fa-rocket\"><\/i><span>Anfrage senden<\/span><\/a><\/span><\/div>\n<\/div><\/div>\n<\/div><\/div><\/section>\n\n\n\n<section id=\"g-3i5j0qy\" class=\"wp-block-gutentor-m4 section-g-3i5j0qy gutentor-module gutentor-advanced-columns has-color-bg has-custom-bg\"><div class=\"grid-container\"><div class=\"grid-row\">\n<div id=\"col-g-rjakq7k\" class=\"wp-block-gutentor-m4-col col-g-rjakq7k gutentor-single-column  grid-lg-4 grid-md-12 grid-12\"><div id=\"section-g-rjakq7k\" class=\"section-g-rjakq7k gutentor-col-wrap\">\n<div id=\"section-g-6xvz86x\" class=\"wp-block-gutentor-e1 section-g-6xvz86x gutentor-element gutentor-element-advanced-text\"><div class=\"gutentor-text-wrap\"><p class=\"gutentor-text\">KONTAKT<\/p><\/div><\/div>\n\n\n\n<section id=\"g-8o83oox\" class=\"wp-block-gutentor-m4 section-g-8o83oox gutentor-module gutentor-advanced-columns\"><div class=\"grid-container\"><div class=\"grid-row\">\n<div id=\"col-g-mg3gm1m\" class=\"wp-block-gutentor-m4-col col-g-mg3gm1m gutentor-single-column  grid-lg-2 grid-md-12 grid-12\"><div id=\"section-g-mg3gm1m\" class=\"section-g-mg3gm1m gutentor-col-wrap\">\n<div id=\"section-g-mv1vmq9\" class=\"wp-block-gutentor-e5 section-g-mv1vmq9 gutentor-element gutentor-element-icon gutentor-icon-default\"><div class=\"gutentor-element-icon-box\"><i class=\"fas fa-phone\"><\/i><\/div><\/div>\n<\/div><\/div>\n\n\n\n<div id=\"col-g-4l907l4\" class=\"wp-block-gutentor-m4-col col-g-4l907l4 gutentor-single-column  grid-lg-10 grid-md-12 grid-12\"><div id=\"section-g-4l907l4\" class=\"section-g-4l907l4 gutentor-col-wrap\">\n<div class=\"wp-block-group is-nowrap is-layout-flex wp-container-core-group-is-layout-6c531013 wp-block-group-is-layout-flex\">\n<div id=\"section-g-gievvjv\" class=\"wp-block-gutentor-e1 section-g-gievvjv gutentor-element gutentor-element-advanced-text\"><div class=\"gutentor-text-wrap\"><p class=\"gutentor-text\">06102 22787<\/p><\/div><\/div>\n<\/div>\n<\/div><\/div>\n<\/div><\/div><\/section>\n\n\n\n<section id=\"g-2233i84\" class=\"wp-block-gutentor-m4 section-g-2233i84 gutentor-module gutentor-advanced-columns\"><div class=\"grid-container\"><div class=\"grid-row\">\n<div id=\"col-g-h93h0w5\" class=\"wp-block-gutentor-m4-col col-g-h93h0w5 gutentor-single-column  grid-lg-2 grid-md-12 grid-12\"><div id=\"section-g-h93h0w5\" class=\"section-g-h93h0w5 gutentor-col-wrap\">\n<div id=\"section-g-xxgf5hf\" class=\"wp-block-gutentor-e5 section-g-xxgf5hf gutentor-element gutentor-element-icon gutentor-icon-default\"><div class=\"gutentor-element-icon-box\"><i class=\"fas fa-envelope\"><\/i><\/div><\/div>\n<\/div><\/div>\n\n\n\n<div id=\"col-g-dan6333\" class=\"wp-block-gutentor-m4-col col-g-dan6333 gutentor-single-column  grid-lg-10 grid-md-12 grid-12\"><div id=\"section-g-dan6333\" class=\"section-g-dan6333 gutentor-col-wrap\">\n<div class=\"wp-block-group is-nowrap is-layout-flex wp-container-core-group-is-layout-6c531013 wp-block-group-is-layout-flex\">\n<div id=\"section-g-3eaih1k\" class=\"wp-block-gutentor-e1 section-g-3eaih1k gutentor-element gutentor-element-advanced-text\"><div class=\"gutentor-text-wrap\"><p class=\"gutentor-text\"><a href=\"mailto:info@grafix-dezign.de\">info@grafix-dezign.de<\/a><\/p><\/div><\/div>\n<\/div>\n<\/div><\/div>\n<\/div><\/div><\/section>\n\n\n\n<section id=\"g-ooofgcm\" class=\"wp-block-gutentor-m4 section-g-ooofgcm gutentor-module gutentor-advanced-columns\"><div class=\"grid-container\"><div class=\"grid-row\">\n<div id=\"col-g-mo0hvo0\" class=\"wp-block-gutentor-m4-col col-g-mo0hvo0 gutentor-single-column  grid-lg-2 grid-md-12 grid-12\"><div id=\"section-g-mo0hvo0\" class=\"section-g-mo0hvo0 gutentor-col-wrap\">\n<div id=\"section-g-jjjro11\" class=\"wp-block-gutentor-e5 section-g-jjjro11 gutentor-element gutentor-element-icon gutentor-icon-default\"><div class=\"gutentor-element-icon-box\"><i class=\"fas fa-map-marker-alt\"><\/i><\/div><\/div>\n<\/div><\/div>\n\n\n\n<div id=\"col-g-luq1qu1\" class=\"wp-block-gutentor-m4-col col-g-luq1qu1 gutentor-single-column  grid-lg-10 grid-md-12 grid-12\"><div id=\"section-g-luq1qu1\" class=\"section-g-luq1qu1 gutentor-col-wrap\">\n<div class=\"wp-block-group is-nowrap is-layout-flex wp-container-core-group-is-layout-6c531013 wp-block-group-is-layout-flex\">\n<div id=\"section-g-62m1dtt\" class=\"wp-block-gutentor-e1 section-g-62m1dtt gutentor-element gutentor-element-advanced-text\"><div class=\"gutentor-text-wrap\"><p class=\"gutentor-text\">Stoltzestra\u00dfe 120<br>63263 Neu-Isenburg<\/p><\/div><\/div>\n<\/div>\n<\/div><\/div>\n<\/div><\/div><\/section>\n<\/div><\/div>\n\n\n\n<div id=\"col-g-oynooon\" class=\"wp-block-gutentor-m4-col col-g-oynooon gutentor-single-column  grid-lg-4 grid-md-12 grid-12\"><div id=\"section-g-oynooon\" class=\"section-g-oynooon gutentor-col-wrap\">\n<div id=\"section-g-p8k84vb\" class=\"wp-block-gutentor-e1 section-g-p8k84vb gutentor-element gutentor-element-advanced-text\"><div class=\"gutentor-text-wrap\"><p class=\"gutentor-text\">TERMIN \/ BERATUNG<\/p><\/div><\/div>\n\n\n\n<div id=\"section-g-6qq1d1j\" class=\"wp-block-gutentor-e1 section-g-6qq1d1j gutentor-element gutentor-element-advanced-text\"><div class=\"gutentor-text-wrap\"><p class=\"gutentor-text\">Gerne berate ich Sie in einem pers\u00f6nlichen Gespr\u00e4ch \u00fcber meinen Service und meine Leistungen!<\/p><\/div><\/div>\n<\/div><\/div>\n\n\n\n<div id=\"col-g-um4xn41\" class=\"wp-block-gutentor-m4-col col-g-um4xn41 gutentor-single-column  grid-lg-4 grid-md-12 grid-12\"><div id=\"section-g-um4xn41\" class=\"section-g-um4xn41 gutentor-col-wrap\">\n<div id=\"section-g-ikq8hqk\" class=\"wp-block-gutentor-e6 section-g-ikq8hqk gutentor-element gutentor-element-image\"><div class=\"gutentor-element-image-box\"><div class=\"gutentor-image-thumb\"><img decoding=\"async\" class=\"normal-image\" src=\"https:\/\/grafix-dezign.de\/web\/wp-content\/uploads\/2026\/05\/grafix-dezign-s-1.png\" \/><\/div><\/div><\/div>\n\n\n\n<div id=\"section-g-bg1rosg\" class=\"wp-block-gutentor-e1 section-g-bg1rosg gutentor-element gutentor-element-advanced-text\"><div class=\"gutentor-text-wrap\"><p class=\"gutentor-text\">Ich gestalte individuelle Websites mit WordPress &#8211; pers\u00f6nlich, zuverl\u00e4ssig und auf den Punkt.<\/p><\/div><\/div>\n<\/div><\/div>\n<\/div><\/div><\/section>\n","protected":false},"excerpt":{"rendered":"","protected":false},"author":1,"featured_media":0,"parent":0,"menu_order":0,"comment_status":"closed","ping_status":"closed","template":"template-gutentor-full-width.php","meta":{"footnotes":""},"class_list":["post-51","page","type-page","status-publish","hentry"],"_links":{"self":[{"href":"https:\/\/grafix-dezign.de\/web\/wp-json\/wp\/v2\/pages\/51","targetHints":{"allow":["GET"]}}],"collection":[{"href":"https:\/\/grafix-dezign.de\/web\/wp-json\/wp\/v2\/pages"}],"about":[{"href":"https:\/\/grafix-dezign.de\/web\/wp-json\/wp\/v2\/types\/page"}],"author":[{"embeddable":true,"href":"https:\/\/grafix-dezign.de\/web\/wp-json\/wp\/v2\/users\/1"}],"replies":[{"embeddable":true,"href":"https:\/\/grafix-dezign.de\/web\/wp-json\/wp\/v2\/comments?post=51"}],"version-history":[{"count":28,"href":"https:\/\/grafix-dezign.de\/web\/wp-json\/wp\/v2\/pages\/51\/revisions"}],"predecessor-version":[{"id":978,"href":"https:\/\/grafix-dezign.de\/web\/wp-json\/wp\/v2\/pages\/51\/revisions\/978"}],"wp:attachment":[{"href":"https:\/\/grafix-dezign.de\/web\/wp-json\/wp\/v2\/media?parent=51"}],"curies":[{"name":"wp","href":"https:\/\/api.w.org\/{rel}","templated":true}]}}